{"id":8,"date":"2024-11-20T02:56:33","date_gmt":"2024-11-20T02:56:33","guid":{"rendered":"https:\/\/www.sheratonmadridmirasierra.com\/?page_id=8"},"modified":"2024-11-20T03:17:43","modified_gmt":"2024-11-20T03:17:43","slug":"madrids","status":"publish","type":"page","link":"https:\/\/www.sheratonmadridmirasierra.com\/?page_id=8","title":{"rendered":"Madrids"},"content":{"rendered":"\n<h1 class=\"wp-block-heading has-large-font-size\"><strong>Mapa de \u00e1rea local Sheraton Madrid Mirasierra Hotel &amp; Spa<\/strong><\/h1>\n\n\n\n<p>Idealmente ubicado en la zona norte de Madrid, el Sheraton Madrid Mirasierra Hotel &amp; Spa se encuentra&nbsp;a escasos minutos de algunos de los puntos neur\u00e1lgicos m\u00e1s importantes de Madrid, tales como el Paseo de la Castellana, el Recinto Ferial Juan Carlos I (IFEMA) o el Aeropuerto Internacional de Madrid-Barajas, y junto a las principales v\u00edas y carreteras de la ciudad. Adem\u00e1s, dispone de parada de Metro a tan s\u00f3lo 5 minutos y de autobuses con conexi\u00f3n directa al centro de la ciudad.<\/p>\n\n\n\n<p><strong>TRANSFER GRATUITO<\/strong><\/p>\n\n\n\n<p>Disponemos de un servicio&nbsp; de traslado gratuito del hotel al Aeropuerto Internacional de Madrid-Barajas, y viceversa, operativo en las siguientes condiciones:<br>&nbsp;<br>De lunes a domingo de 7.00 hrs. a 23.00 hrs.<br>&nbsp;<br>Salidas del Hotel hacia el aeropuerto de Madrid a las horas &#8216;en punto&#8217;. \u00daltima salida a las 22.00 hrs.<br>Recogidas en el Aeropuerto a las &#8216;y media&#8217;. \u00daltima recogida a las 22:30 hrs.<\/p>\n\n\n\n<p>El servicio de Transfer desde\/al Aeropuerto es bajo disponibilidad y previa reserva con nuestro Departamento de Recepci\u00f3n. Por favor cont\u00e1ctenos indic\u00e1ndonos el n\u00famero de personas, el n\u00famero de vuelo y la terminal a la que llegan:<\/p>\n\n\n\n<p><strong>Tel\u00e9fono:<\/strong>\u00a0(+34) 91 727 79 00<br><strong>Email:<\/strong>\u00a0front.office@sheratonmadridmirasierra.com<br><strong>Indicar:<\/strong>\u00a0N\u00ba de personas, n\u00ba de vuelo y terminal.\u00a0<br><br>\u00a0Localizaci\u00f3n: cartel &#8216;BUS HOTEL&#8217;:<\/p>\n\n\n\n<ul class=\"wp-block-list\">\n<li>Terminal 1: puerta 2.<\/li>\n\n\n\n<li>Terminal 2: puerta 5.<\/li>\n\n\n\n<li>Terminal 4: Parada de autobuses y taxis.<\/li>\n<\/ul>\n\n\n\n<p>Veh\u00edculo Mercedes Vito con capacidad m\u00e1xima de 6-7 plazas seg\u00fan volumen de equipajes.<\/p>\n\n\n\n<p>Si desea m\u00e1s informaci\u00f3n por favor no dude en consultarnos al (+34) 91 727 79 00<\/p>\n\n\n\n<p><\/p>\n","protected":false},"excerpt":{"rendered":"<p>Mapa de \u00e1rea local Sheraton Madrid Mirasierra Hotel &amp; Spa Idealmente ubicado en la zona norte de Madrid, el Sheraton Madrid Mirasierra Hotel &amp; Spa se encuentra&nbsp;a escasos minutos de algunos de los puntos neur\u00e1lgicos m\u00e1s importantes de Madrid, tales como el Paseo de la Castellana, el Recinto Ferial Juan Carlos I (IFEMA) o el [&hellip;]<\/p>\n","protected":false},"author":1,"featured_media":0,"parent":0,"menu_order":3,"comment_status":"closed","ping_status":"closed","template":"","meta":{"footnotes":""},"class_list":["post-8","page","type-page","status-publish","hentry"],"_links":{"self":[{"href":"https:\/\/www.sheratonmadridmirasierra.com\/index.php?rest_route=\/wp\/v2\/pages\/8","targetHints":{"allow":["GET"]}}],"collection":[{"href":"https:\/\/www.sheratonmadridmirasierra.com\/index.php?rest_route=\/wp\/v2\/pages"}],"about":[{"href":"https:\/\/www.sheratonmadridmirasierra.com\/index.php?rest_route=\/wp\/v2\/types\/page"}],"author":[{"embeddable":true,"href":"https:\/\/www.sheratonmadridmirasierra.com\/index.php?rest_route=\/wp\/v2\/users\/1"}],"replies":[{"embeddable":true,"href":"https:\/\/www.sheratonmadridmirasierra.com\/index.php?rest_route=%2Fwp%2Fv2%2Fcomments&post=8"}],"version-history":[{"count":4,"href":"https:\/\/www.sheratonmadridmirasierra.com\/index.php?rest_route=\/wp\/v2\/pages\/8\/revisions"}],"predecessor-version":[{"id":31,"href":"https:\/\/www.sheratonmadridmirasierra.com\/index.php?rest_route=\/wp\/v2\/pages\/8\/revisions\/31"}],"wp:attachment":[{"href":"https:\/\/www.sheratonmadridmirasierra.com\/index.php?rest_route=%2Fwp%2Fv2%2Fmedia&parent=8"}],"curies":[{"name":"wp","href":"https:\/\/api.w.org\/{rel}","templated":true}]}}